{"id":47,"date":"2020-12-21T13:46:59","date_gmt":"2020-12-21T12:46:59","guid":{"rendered":"http:\/\/zonedeco.ch\/?page_id=47"},"modified":"2021-01-18T07:55:48","modified_gmt":"2021-01-18T06:55:48","slug":"commande-devis","status":"publish","type":"page","link":"https:\/\/zonedeco.ch\/?page_id=47","title":{"rendered":"Commande \/ Devis"},"content":{"rendered":"<p class=\"has-medium-font-size\"><strong style=\"color: #ef921c;\">Projet en six \u00e9tapes<\/strong><\/p>\n<p><strong style=\"color: #87c265;\">Entretien<br \/>\n<\/strong>Premier contact t\u00e9l\u00e9phonique \/ Cibler le besoin<\/p>\n<p><strong style=\"color: #87c265;\">Prise de mesure<br \/>\n<\/strong>Dimensions \/ Etablissement d\u2019un metr\u00e9 \/ Photos<\/p>\n<p><strong style=\"color: #87c265;\">Elaboration du projet<br \/>\n<\/strong>Esquisses \/ Choix des mati\u00e8res \/ Implantation \/ 2D \/ 3D<\/p>\n<p><strong style=\"color: #87c265;\">Devis<br \/>\n<\/strong>D\u00e9tail\u00e9 \/ Transparent \/ Travail \/ Mat\u00e9riaux \/ Livraison \/ Montage<\/p>\n<p><strong style=\"color: #87c265;\">Fabrication<br \/>\n<\/strong>Sur place \/ En atelier \/ Outillage sp\u00e9cifique \u00e0 la construction<\/p>\n<p><strong style=\"color: #87c265;\">Livraison &amp; Montage<br \/>\n<\/strong>Dacia Dokker \u00e9quip\u00e9 en outillage \/ Rapide \/ Soign\u00e9<\/p>\n","protected":false},"excerpt":{"rendered":"<p>Projet en six \u00e9tapes Entretien Premier contact t\u00e9l\u00e9phonique \/ Cibler le besoin Prise de mesure Dimensions \/ Etablissement d\u2019un metr\u00e9 \/ Photos Elaboration du projet Esquisses \/ Choix des mati\u00e8res \/ Implantation \/ 2D \/ 3D Devis D\u00e9tail\u00e9 \/ Transparent \/ Travail \/ Mat\u00e9riaux \/ Livraison \/ Montage Fabrication Sur place \/ En atelier \/ &hellip; <\/p>\n<p class=\"link-more\"><a href=\"https:\/\/zonedeco.ch\/?page_id=47\" class=\"more-link\">Continue reading<span class=\"screen-reader-text\"> &#8220;Commande \/ Devis&#8221;<\/span><\/a><\/p>\n","protected":false},"author":1,"featured_media":347,"parent":0,"menu_order":0,"comment_status":"closed","ping_status":"closed","template":"","meta":[],"_links":{"self":[{"href":"https:\/\/zonedeco.ch\/index.php?rest_route=\/wp\/v2\/pages\/47"}],"collection":[{"href":"https:\/\/zonedeco.ch\/index.php?rest_route=\/wp\/v2\/pages"}],"about":[{"href":"https:\/\/zonedeco.ch\/index.php?rest_route=\/wp\/v2\/types\/page"}],"author":[{"embeddable":true,"href":"https:\/\/zonedeco.ch\/index.php?rest_route=\/wp\/v2\/users\/1"}],"replies":[{"embeddable":true,"href":"https:\/\/zonedeco.ch\/index.php?rest_route=%2Fwp%2Fv2%2Fcomments&post=47"}],"version-history":[{"count":12,"href":"https:\/\/zonedeco.ch\/index.php?rest_route=\/wp\/v2\/pages\/47\/revisions"}],"predecessor-version":[{"id":496,"href":"https:\/\/zonedeco.ch\/index.php?rest_route=\/wp\/v2\/pages\/47\/revisions\/496"}],"wp:featuredmedia":[{"embeddable":true,"href":"https:\/\/zonedeco.ch\/index.php?rest_route=\/wp\/v2\/media\/347"}],"wp:attachment":[{"href":"https:\/\/zonedeco.ch\/index.php?rest_route=%2Fwp%2Fv2%2Fmedia&parent=47"}],"curies":[{"name":"wp","href":"https:\/\/api.w.org\/{rel}","templated":true}]}}