{"id":45,"date":"2020-12-21T13:46:20","date_gmt":"2020-12-21T12:46:20","guid":{"rendered":"http:\/\/zonedeco.ch\/?page_id=45"},"modified":"2021-01-18T08:03:44","modified_gmt":"2021-01-18T07:03:44","slug":"realisation","status":"publish","type":"page","link":"https:\/\/zonedeco.ch\/?page_id=45","title":{"rendered":"R\u00e9alisations"},"content":{"rendered":"<p><a href=\"http:\/\/zonedeco.ch\/?page_id=256\"><strong style=\"color: #ef921c;\">Conception &amp; r\u00e9alisation de d\u00e9cors<\/strong><\/a><br \/>\nTh\u00e9\u00e2tre \/ Sc\u00e8nographie \/ Vitrine \/ Magasin \/ H\u00f4telerie \/ Restauration.<br \/>\nAm\u00e9nagement int\u00e9rieur &amp; home staging.<br \/>\nConseils en am\u00e9nagement \/ D\u00e9coration \/ Visualisation de l\u2019espace \/ Customisation de mobilier \/ D\u00e9tournement d\u2019objet.<\/p>\n<p><a href=\"http:\/\/zonedeco.ch\/?page_id=261\"><strong style=\"color: #ef921c;\">Stands d\u2019exposition<\/strong><\/a><br \/>\nR\u00e9alisation \/ Conception \/ Montage \/ Displays.<\/p>\n<p><a href=\"http:\/\/zonedeco.ch\/?page_id=263\"><strong style=\"color: #ef921c;\">Cr\u00e9ation de meubles &amp; objets 3D<\/strong><\/a><br \/>\nMDF \/ Melamin\u00e9 \/ Stratifi\u00e9 \/ Bois massif \/ Panneaux multipli \/ Carton alv\u00e9olaire \/ Acier \/ Forex \/ Sagex.<\/p>\n<p><a href=\"http:\/\/zonedeco.ch\/?page_id=265\"><strong style=\"color: #ef921c;\">Agencement &amp; vente de cuisine<\/strong><\/a><br \/>\nSchr\u00f6der (DE) \/ Nolte (DE) \/ Plan de travail en Inox \/ Suter AG (CH).<\/p>\n<p><a href=\"http:\/\/zonedeco.ch\/?code_gallery=Communication-visuelle-publicitaire\"><strong style=\"color: #ef921c;\">Communication visuelle &amp; publicitaire<\/strong><\/a><br \/>\nPlotter de d\u00e9coupe num\u00e9rique pour lettrage et logo \/ Application \/ Vitrine \/ V\u00e9hicule \/ Panneaux en forex \/ Dibond \/ Alu.<\/p>\n<p><a href=\"http:\/\/zonedeco.ch\/?code_gallery=Construction\"><strong style=\"color: #ef921c;\">Construction  <\/strong><\/a><br \/>\nPose de Parquet \/ Cabane de jardin \/ Peinture \/ Cr\u00e9pis \/ Pose de porte \/ Escalier \/ Terrasse \/ Carport \/ Voile d&#8217;ombrage \/ H\u00f4tel pour abeilles sauvage<\/p>\n","protected":false},"excerpt":{"rendered":"<p>Conception &amp; r\u00e9alisation de d\u00e9cors Th\u00e9\u00e2tre \/ Sc\u00e8nographie \/ Vitrine \/ Magasin \/ H\u00f4telerie \/ Restauration. Am\u00e9nagement int\u00e9rieur &amp; home staging. Conseils en am\u00e9nagement \/ D\u00e9coration \/ Visualisation de l\u2019espace \/ Customisation de mobilier \/ D\u00e9tournement d\u2019objet. Stands d\u2019exposition R\u00e9alisation \/ Conception \/ Montage \/ Displays. Cr\u00e9ation de meubles &amp; objets 3D MDF \/ Melamin\u00e9 &hellip; <\/p>\n<p class=\"link-more\"><a href=\"https:\/\/zonedeco.ch\/?page_id=45\" class=\"more-link\">Continue reading<span class=\"screen-reader-text\"> &#8220;R\u00e9alisations&#8221;<\/span><\/a><\/p>\n","protected":false},"author":1,"featured_media":490,"parent":0,"menu_order":0,"comment_status":"closed","ping_status":"closed","template":"","meta":[],"_links":{"self":[{"href":"https:\/\/zonedeco.ch\/index.php?rest_route=\/wp\/v2\/pages\/45"}],"collection":[{"href":"https:\/\/zonedeco.ch\/index.php?rest_route=\/wp\/v2\/pages"}],"about":[{"href":"https:\/\/zonedeco.ch\/index.php?rest_route=\/wp\/v2\/types\/page"}],"author":[{"embeddable":true,"href":"https:\/\/zonedeco.ch\/index.php?rest_route=\/wp\/v2\/users\/1"}],"replies":[{"embeddable":true,"href":"https:\/\/zonedeco.ch\/index.php?rest_route=%2Fwp%2Fv2%2Fcomments&post=45"}],"version-history":[{"count":46,"href":"https:\/\/zonedeco.ch\/index.php?rest_route=\/wp\/v2\/pages\/45\/revisions"}],"predecessor-version":[{"id":499,"href":"https:\/\/zonedeco.ch\/index.php?rest_route=\/wp\/v2\/pages\/45\/revisions\/499"}],"wp:featuredmedia":[{"embeddable":true,"href":"https:\/\/zonedeco.ch\/index.php?rest_route=\/wp\/v2\/media\/490"}],"wp:attachment":[{"href":"https:\/\/zonedeco.ch\/index.php?rest_route=%2Fwp%2Fv2%2Fmedia&parent=45"}],"curies":[{"name":"wp","href":"https:\/\/api.w.org\/{rel}","templated":true}]}}